) = -286532*c + 10315157. Give q(36).
5
Let o(d) = 11*d**3 + 64*d**2 - 20*d - 11. Give o(-8).
-1387
Let v(x) = 908*x**2 - 105*x + 92. What is v(1)?
895
Let f(h) = -2790*h - 1788330. Give f(-641).
60
Let d(s) = -301*s - 293. Determine d(-4).
911
Let x(s) = s**3 + 189*s**2 - 1205*s - 6624. What is x(-195)?
201
Let y(o) = -6*o**2 + 275*o - 784. Calculate y(3).
-13
Let y(l) = 3*l**2 + 204*l - 3273. Give y(13).
-114
Let q(a) = -41449*a + 4144905. Determine q(100).
5
Let w(d) = 135*d**3 - 1348*d**2 - 46*d + 268. Calculate w(10).
8
Let k(g) = -155624*g + 2178717. Give k(14).
-19
Let t(z) = -z**3 + 30*z**2 - 190*z + 381. What is t(22)?
73
Let q(g) = 2*g**3 + 52*g**2 + 42*g + 176. Determine q(-25).
376
Let c(x) = x**2 - 1285*x + 16559. Calculate c(13).
23
Let w(u) = -u**3 + 1606*u**2 + 45771*u + 538. Determine w(-28).
6
Let f(l) = -4*l**3 - 1120*l**2 + 37198*l + 74. What is f(30)?
14
Let s(d) = -22*d**3 - 881*d**2 - 81*d - 54. What is s(-40)?
1586
Let j(b) = b**3 - 17*b**2 - 65*b + 1552. What is j(15)?
127
Let j(i) = 2*i**3 + 62*i**2 - 139*i + 4944. Give j(-35).
9
Let a(t) = -5*t**2 - 24*t + 168. Determine a(4).
-8
Let u(z) = 44*z**3 - 1197*z**2 + 244*z - 39. Determine u(27).
-12
Let c(h) = h**3 + 45*h**2 - 702*h - 32832. Give c(-44).
-8
Let v(z) = z**3 + 555*z**2 + 175*z + 97131. Calculate v(-555).
6
Let t(c) = -c**3 - 22*c**2 + 4*c - 580. Give t(-22).
-668
Let o(h) = 2287*h - 402538. Determine o(176).
-26
Let g(u) = -u**2 + 667*u - 40118. What is g(67)?
82
Let d(n) = 70*n**2 - 1333*n - 1332. Determine d(-1).
71
Let h(j) = 26639*j - 53449. What is h(2)?
-171
Let z(d) = -d**3 + 23*d**2 + 151*d - 307. Determine z(28).
1
Let d(s) = -8499*s - 433496. Give d(-51).
-47
Let x(w) = -96*w**2 - 52994*w - 52992. Calculate x(-1).
-94
Let r(a) = -15*a**3 - 181*a**2 + 65*a - 35. Calculate r(-13).
1486
Let d(g) = -15*g**2 + 994*g - 7877. Calculate d(8).
-885
Let w(g) = g**3 + 38*g**2 - 1132*g + 2075. What is w(18)?
-157
Let v(y) = 5090*y + 142545. Give v(-28).
25
Let c(w) = 53349*w - 265594. Determine c(5).
1151
Let p(w) = -190*w**3 + 37*w + 72. Give p(-2).
1518
Let p(n) = -6*n**3 - 8615*n**2 + 10045*n - 20109. What is p(-1437)?
9
Let g(w) = -w**3 + 144*w**2 - 2154*w - 636. Calculate g(127).
-1
Let h(z) = -547*z + 25668. Determine h(47).
-41
Let o(b) = -35045*b - 350444. What is o(-10)?
6
Let n(i) = -84*i**2 + 3044*i + 26. Determine n(36).
746
Let g(y) = 28*y**3 - 12996*y**2 + 1856*y + 5. What is g(464)?
5
Let f(j) = 6*j**2 - 974*j - 75014. Give f(-57).
-2
Let w(y) = 7968*y - 669385. Determine w(84).
-73
Let k(g) = 1380*g + 4155. Give k(-4).
-1365
Let t(f) = 990*f - 111872. What is t(113)?
-2
Let q(d) = d**3 + 6*d**2 + 137*d + 895. Determine q(-10).
-875
Let g(f) = -126*f**2 + 247*f - 1034. Determine g(5).
-2949
Let p(u) = 13*u**3 + 71*u**2 - 120*u + 133. What is p(-7)?
-7
Let r(t) = -110*t - 796. Give r(-7).
-26
Let b(c) = 12070*c**3 + 60351*c**2 + 11*c + 27. Calculate b(-5).
-3
Let d(g) = 11839*g - 4321255. What is d(365)?
-20
Let b(k) = -k**3 + 482*k**2 - 48861*k - 1356. Calculate b(337).
-8
Let o(z) = -4*z**3 - 5*z**2 + 8*z - 54. Determine o(-5).
281
Let f(j) = j**2 + 134*j + 4363. Calculate f(-44).
403
Let q(c) = c**2 + 34*c - 218. What is q(-35)?
-183
Let t(w) = -4*w**2 - 136*w + 115. Determine t(-33).
247
Let q(o) = 15887*o**2 - 158855*o - 132. Calculate q(10).
18
Let s(v) = 2*v**3 + v**2 + 3950*v - 6. Give s(0).
-6
Let o(m) = 222*m**3 + 218*m**2 + 37*m - 1. Calculate o(-2).
-979
Let f(q) = q**2 + 19*q + 98. Determine f(-12).
14
Let u(h) = 6*h**2 + 4033*h + 262975. Determine u(-599).
14
Let g(w) = 6344*w - 361589. What is g(57)?
19
Let j(q) = -22*q**2 + 76*q + 80. Give j(6).
-256
Let r(c) = c**3 - 48*c**2 - 188*c - 1061. Determine r(52).
-21
Let z(v) = 165*v**3 - 321*v**2 + 19*v - 61. Give z(2).
13
Let h(n) = 2*n**3 - 171*n**2 + 56*n + 2441. Determine h(85).
-24
Let c(g) = 786*g**2 + 902*g + 12. Give c(-1).
-104
Let d(h) = 22605*h + 384290. Calculate d(-17).
5
Let g(x) = -1460*x**2 + 19007*x - 308. Determine g(13).
43
Let f(t) = -2*t**3 + 919*t**2 + 1187*t + 90353. What is f(461)?
-3
Let c(q) = 3*q**2 - 254*q + 4318. What is c(24)?
-50
Let a(l) = -2*l**3 + 851*l**2 - 9521*l - 431. Determine a(414).
-17
Let z(k) = -624*k - 7508. Give z(-12).
-20
Let k(d) = d**3 + 38*d**2 - 3088*d - 124226. Calculate k(-44).
30
Let z(i) = -i**3 - 88*i**2 - 181*i + 679. Calculate z(-86).
1453
Let h(l) = -3*l**3 - 125*l**2 - 2154*l - 46659. Calculate h(-34).
-11
Let y(q) = 2*q**3 - 32*q**2 + 52*q - 14. Give y(18).
2218
Let g(q) = 3*q**3 + 240*q**2 + 96*q + 6584. Determine g(-80).
-1096
Let q(c) = -c**3 - 76*c**2 - 1423*c + 162. Calculate q(-34).
-8
Let c(n) = n**3 - 31*n**2 - 687*n + 21775. Give c(30).
265
Let y(w) = -1350*w - 2258. What is y(-2)?
442
Let j(a) = 28*a**2 - 207*a - 1696. Calculate j(-5).
39
Let a(v) = -63*v + 6355. Determine a(100).
55
Let q(b) = -7*b**2 - 14*b + 3983. Determine q(23).
-42
Let l(s) = -2*s**3 - 55*s**2 - 86*s - 65. Calculate l(-26).
143
Let n(w) = w**2 - 14*w - 9485. Give n(106).
267
Let d(i) = -123*i**2 - 1434*i + 10. Give d(-12).
-494
Let l(f) = -682*f - 127570. What is l(-185)?
-1400
Let a(q) = 1884*q - 13106. Give a(7).
82
Let u(w) = w**2 + 336*w - 7493. What is u(20)?
-373
Let j(m) = m**3 + 347*m**2 + 753*m + 21619. What is j(-345)?
-116
Let n(r) = 1258*r**2 - 72*r - 100. Calculate n(-1).
1230
Let q(t) = -66*t - 6684. What is q(-113)?
774
Let t(a) = -a**3 - 203*a**2 - 7595*a + 2755. Calculate t(-50).
5
Let p(o) = o**2 - 4151*o + 249432. Calculate p(61).
-58
Let t(k) = -570*k - 65088. Give t(-114).
-108
Let z(m) = -349*m - 17993. Determine z(-46).
-1939
Let p(q) = 14*q**2 + 188*q - 10. What is p(6)?
1622
Let b(z) = 64*z + 1239. Determine b(-18).
87
Let r(h) = -127*h - 3082. Give r(-12).
-1558
Let t(n) = -3*n**3 + 64*n**2 - 25*n + 101. Give t(21).
17
Let r(d) = 19031*d + 1272. What is r(0)?
1272
Let g(d) = 2*d**3 - 320*d**2 - 463*d + 22709. Determine g(161).
8
Let q(o) = 5*o**3 + 64*o**2 + 26*o - 801. Give q(-11).
2
Let c(k) = 3*k**3 + 249*k**2 - 1342*k - 1960. Give c(-88).
-24
Let k(j) = j**3 + 175*j**2 - 1053*j - 154346. Give k(-176).
6
Let h(l) = -l**3 + 22*l**2 - 617*l + 3577. What is h(7)?
-7
Let g(c) = c**2 - 148*c + 2005. Calculate g(15).
10
Let s(r) = -27*r**2 - 314*r - 15. Give s(-12).
-135
Let t(g) = -8*g**2 - 149*g - 1882. Determine t(-15).
-1447
Let i(t) = 124*t**3 - 75*t**2 + 4*t + 2. Give i(1).
55
Let r(u) = -9495*u**2 + 1110911*u + 462. What is r(117)?
-6
Let b(r) = 2*r**3 + 50*r**2 - 138*r - 815. What is b(-27)?
-5
Let f(o) = 6*o**3 - 226*o**2 - 12340*o - 2454. Calculate f(68).
-6
Let n(i) = -42103*i + 1936705. Calculate n(46).
-33
Let t(l) = -6*l**3 - 43*l**2 + 130*l + 855. Give t(-8).
135
Let r(q) = 44*q**2 - 337*q + 237. What is r(7)?
34
Let k(i) = 843*i - 127855. What is k(153)?
1124
Let b(s) = -2*s**2 + 100*s + 1152. What is b(50)?
1152
Let u(r) = r**3 - 28*r**2 + 74*r + 160. What is u(25)?
135
Let h(b) = 2*b**3 + 275*b**2 - 602*b + 13731. Calculate h(-140).
11
Let p(j) = 6*j**3 + 114*j**2 - 3*j - 128. Calculate p(-19).
-71
Let x(n) = -4237*n - 46679. What is x(-11)?
-72
Let o(b) = -3*b**2 - 84*b - 421. Calculate o(-29).
-508
Let d(z) = 3869*z - 282423. What is d(73)?
14
Let p(o) = -2*o**3 + 262*o**2 + 4702*o - 5. What is p(-16)?
27
Let r(s) = -s**3 + s**2 + 561*s - 778. Determine r(0).
-778
Let r(f) = 25*f + 1472. Give r(-2).
1422
Let j(d) = 100*d**2 - 8*d + 634. Determine j(0).
634
Let g(u) = 13*u**3 - 171*u**2 - 709*u - 10. Determine g(-4).
-742
Let l(u) = -21243*u - 5778080. Calculate l(-272).
16
Let g(s) = -s**2 + 8*s + 821. Determine g(-22).
161
Let l(g) = -4*g**3 - 157*g**2 - 631*g + 24. What is l(-4)?
292
Let r(d) = -d**3 + 29*d**2 - 36*d + 726. Calculate r(29).
-318
Let u(v) = 13773*v + 27539. What is u(-2)?
-7
Let a(o) = -134*o + 17971. What is a(134)?
15
Let k(p) = p**2 + 963*p + 39614. Determine k(-43).
54
Let q(w) = -1037*w**3 - 2*w**2 - 5*w - 1. What is q(-1)?
1039
Let q(t) = t**2 - 407*t + 34303. Calculate q(140).
-3077
Let k(a) = -3*a**3 - 8*a**2 + 422*a - 1966. What is k(-15)?
29
Let f(q) = -171*q**2 - 36*q - 13. Determine f(-1).
-148
Let u(y) = -159*y - 519. Determine u(-15).
1866
Let a(g) = -13*g**2 - 112*g + 137. What is a(11)?
-2668
Let i(o) = 3267*o - 434512. Give i(133).
-1
Let r(j) = -11894*j - 11